{"id":7,"date":"2023-04-17T12:17:03","date_gmt":"2023-04-17T10:17:03","guid":{"rendered":"https:\/\/www.mal-ort.info\/?page_id=7"},"modified":"2025-08-10T14:03:31","modified_gmt":"2025-08-10T12:03:31","slug":"homepage","status":"publish","type":"page","link":"https:\/\/www.mal-ort.info\/","title":{"rendered":"Homepage"},"content":{"rendered":"<style>\/*! elementor - v3.17.0 - 08-11-2023 *\/<br \/>\n.elementor-heading-title{padding:0;margin:0;line-height:1}.elementor-widget-heading .elementor-heading-title[class*=elementor-size-]>a{color:inherit;font-size:inherit;line-height:inherit}.elementor-widget-heading .elementor-heading-title.elementor-size-small{font-size:15px}.elementor-widget-heading .elementor-heading-title.elementor-size-medium{font-size:19px}.elementor-widget-heading .elementor-heading-title.elementor-size-large{font-size:29px}.elementor-widget-heading .elementor-heading-title.elementor-size-xl{font-size:39px}.elementor-widget-heading .elementor-heading-title.elementor-size-xxl{font-size:59px}<\/style>\n<h2>MALSPIEL IM MALORT<\/h2>\n<p>Beim Malen im Malort werden keine (Kunst-)Werke hergestellt. Das Malspiel geschieht um seiner selbst willen, als ein Ausflie\u00dfenlassen im Augenblick, das keiner nachtr\u00e4gliche Bewertung oder Deutung bedarf. Unter diesen Bedingungen werden beim Malen nicht nur Erlebnisse, Gef\u00fchle und Empfindungen sichtbar. \u00dcber alles Beabsichtigte hinaus kommt auch zum Ausdruck, was in der organischen Erinnerung gespeichert wurde. Es kann nur auf diesem Weg ge\u00e4u\u00dfert und damit integriert werden. So entfaltet sich ein heilsamer Prozess, der Wohlbefinden erzeugt und die Pers\u00f6nlichkeit st\u00e4rkt.<\/p>\n<p>Innerhalb der mit farbigen Spuren \u00fcbers\u00e4ten Malw\u00e4nde sind die Malenden von Beobachtung und Ablenkung durch die Au\u00dfenwelt abgeschirmt. Der Malort bietet eine vorbereitete Umgebung, die das Malen f\u00fcr alle leicht macht. Der eigens entwickelte Palettentisch mit 18 hochwertigen Gouachefarben und besten Naturhaarpinseln bildet den Mittelpunkt des Raumes.<\/p>\n<p>Gemalt wird frei stehend auf an der Malwand befestigten Papierb\u00f6gen. Das bedingt eine fortw\u00e4hrende Pendelbewegung zwischen Malwand und Palettentisch und bezieht den gesamten K\u00f6rper in den Malprozess mit ein.<\/p>\n<style>\/*! elementor - v3.17.0 - 08-11-2023 *\/<br \/>\n.elementor-widget-image{text-align:center}.elementor-widget-image a{display:inline-block}.elementor-widget-image a img[src$=\".svg\"]{width:48px}.elementor-widget-image img{vertical-align:middle;display:inline-block}<\/style>\n<p><img fetchpriority=\"high\" decoding=\"async\" src=\"http:\/\/www.mal-ort.info\/wp-content\/uploads\/2023\/04\/Bild-3372-225x300-1.jpg\" alt=\"\" width=\"225\" height=\"300\" \/><br \/>\n<img decoding=\"async\" src=\"http:\/\/www.mal-ort.info\/wp-content\/uploads\/2023\/04\/Bild-2179-768x1024-1.jpg\" sizes=\"(max-width: 768px) 100vw, 768px\" srcset=\"https:\/\/www.mal-ort.info\/wp-content\/uploads\/2023\/04\/Bild-2179-768x1024-1.jpg 768w, https:\/\/www.mal-ort.info\/wp-content\/uploads\/2023\/04\/Bild-2179-768x1024-1-225x300.jpg 225w\" alt=\"\" width=\"768\" height=\"1024\" \/><\/p>\n<h2>KURSE<\/h2>\n<p>Der Malort Kuchl bietet w\u00f6chentliche Malgruppen f\u00fcr Menschen von 3 bis 99 Jahren:<br \/>\n+ f\u00fcr Kleine ab 3 Jahren, die im spontanen Spiel die eigene Spur entwickeln.<br \/>\n+ f\u00fcr Gr\u00f6\u00dfere, die im Spielraum des Blattes eine Welt nach Ma\u00df inszenieren.<br \/>\n+ f\u00fcr Gro\u00dfe, die einen Ausgleich zu der heute vorherrschenden Leistungsgesellschaft finden.<br \/>\n+ f\u00fcr Eltern, die gemeinsam mit ihren Kindern einen Raum zur Entfaltung suchen.<\/p>\n<p>Der Malort Kuchl orientiert sich an den Erkenntnissen und Erfahrungen Arno Sterns.<br \/>\nDas Malspiel wird betreut von Irmgard und Peter Ganzer<\/p>\n<p>Die Malgruppen sind offen f\u00fcr jeden und geeignet f\u00fcr Menschen ab 3 Jahren.<br \/>\nEs besteht die M\u00f6glichkeit, dass Eltern und Kinder gemeinsam teilnehmen.<br \/>\nKurse finden w\u00f6chentlich und fortlaufend statt.<\/p>\n<p>Eine Maleinheit dauert 1,5 Stunden.<br \/>\nDa eine ganze Maleinheit f\u00fcr kleinere Menschen erfahrungsgem\u00e4\u00df oft noch zu lange ist,<br \/>\nwird f\u00fcr sie ein geringerer Kursbeitrag nach Absprache verrechnet.<\/p>\n<p>Die Anmeldung erfolgt sp\u00e4testens mit Kursbeginn.<br \/>\nBei sp\u00e4terem Kurseintritt wird der Beitrag anteilig verrechnet.<br \/>\nF\u00fcr alle Neueinsteiger gibt es vor Kursantritt ein unverbindliches Erstgespr\u00e4ch nach telefonischer Vereinbarung.<\/p>\n<p><img decoding=\"async\" src=\"http:\/\/www.mal-ort.info\/wp-content\/uploads\/2023\/04\/image5-225x300-1.jpg\" alt=\"\" width=\"225\" height=\"300\" \/><br \/>\n<img loading=\"lazy\" decoding=\"async\" src=\"http:\/\/www.mal-ort.info\/wp-content\/uploads\/2023\/04\/Bild-2908-225x300-1.jpg\" alt=\"\" width=\"225\" height=\"300\" \/><br \/>\n<img loading=\"lazy\" decoding=\"async\" src=\"http:\/\/www.mal-ort.info\/wp-content\/uploads\/2023\/04\/Bild-2900-225x300-1.jpg\" alt=\"\" width=\"225\" height=\"300\" \/><\/p>\n<h2>AKTUELLE ANGEBOTE<\/h2>\n<h2>Malspiel 2025\/26<br \/>\nMittwoch od. Donnerstag Nachmittag<br \/>\nmit Irmgard &amp; Peter Ganzer<br \/>\n(Wochentag wird bei Kursstart fixiert)<\/h2>\n<p><strong data-chext-position=\"\" data-chext-overflow=\"\">15.00 bis 16.30 Uhr<\/strong><\/p>\n<p data-chext-position=\"\" data-chext-overflow=\"\">8. Oktober 2025<br \/>\nbis 27. M\u00e4rz 2026<br \/>\n(w\u00f6chentlich)<\/p>\n<p data-chext-position=\"\" data-chext-overflow=\"\">20 Maleinheiten zu je 1,5\u00a0 Stunden<\/p>\n<p data-chext-position=\"\" data-chext-overflow=\"\">Preis pro Maleinheit:\u00a0\u00a0<strong data-chext-position=\"relative\" data-chext-overflow=\"visible\">\u20ac 18,50\u00a0<\/strong>(inkl. 20 % Mwst.)<br \/>\n(inklusive Farbe und Material)<\/p>\n<p data-chext-position=\"\" data-chext-overflow=\"\">Mind. Teilnehmer: 5<br \/>\nMax.\u00a0 Teilnehmer: 14<\/p>\n<h2>\u00dcBER UNS<\/h2>\n<figure><img loading=\"lazy\" decoding=\"async\" src=\"http:\/\/www.mal-ort.info\/wp-content\/uploads\/2023\/04\/Foto-copy-1024x765-1.jpg\" sizes=\"(max-width: 800px) 100vw, 800px\" srcset=\"https:\/\/www.mal-ort.info\/wp-content\/uploads\/2023\/04\/Foto-copy-1024x765-1.jpg 1024w, https:\/\/www.mal-ort.info\/wp-content\/uploads\/2023\/04\/Foto-copy-1024x765-1-300x224.jpg 300w, https:\/\/www.mal-ort.info\/wp-content\/uploads\/2023\/04\/Foto-copy-1024x765-1-768x574.jpg 768w\" alt=\"\" width=\"800\" height=\"598\" \/><figcaption>Irmgard &amp; Peter Ganzer mit Arno Stern<\/figcaption><\/figure>\n<p>Nach einem Intensivseminar im Juni 2014 bei Arno Stern in Paris haben wir mit viel Freude den Malort Kuchl eingerichtet.<br \/>\nWir wollen Menschen aus unserer Umgebung erm\u00f6glichen, in diesem gesch\u00fctzten Raum das Malspiel zu erleben und ihre \u201eSpur\u201c zu finden bzw. wieder zu entdecken.<\/p>\n<h2>ARNO STERN<\/h2>\n<p><strong>&#8222;Kinder sollen das Leben ernst nehmen, sagt<\/strong><img loading=\"lazy\" decoding=\"async\" src=\"http:\/\/www.mal-ort.info\/wp-content\/uploads\/2023\/04\/arnostern.jpg\" alt=\"\" width=\"200\" height=\"269\" \/><strong> man. Dabei sollte gerade das Spielen ernst genommen werden.&#8220; <\/strong>Arno Stern<\/p>\n<p>Arno Stern, 1924 in Kassel geboren, ist ein von der UNESCO anerkannter P\u00e4dagoge und Forscher. Seit mehr als 60 Jahren \u00fcbt er die dienende Rolle im von ihm erfundenen \u201eMalort\u201d in Paris aus.<\/p>\n<p>Arno Stern besucht drei Jahre lang die Schule in Kassel, bevor er mit seinen Eltern nach der Machtergreifung Hitlers nach Frankreich emigriert. Nach Ausbruch des 2. Weltkriegs fl\u00fcchtet die Familie weiter in die Schweiz. Arno Stern verbringt dort bis zum Ende des Krieges seine Jugendjahre in einem notd\u00fcrftig umgestalteten Fabrikgeb\u00e4ude. Nach Jahren der Internierung und Staatenlosigkeit kehrt Arno Stern mit seiner Familie nach Frankreich zur\u00fcck. 1946 arbeitet Stern in einem Kinderheim in einem Pariser Vorort. Sein Auftrag ist, 150 Kriegswaisen zu besch\u00e4ftigen. Ohne Vorstellung von seiner Aufgabe l\u00e4sst er die Kinder malen. Bereits die ersten Erfahrungen machen ihm die Wichtigkeit dieses Spiels bewusst \u2013 und auch, dass es daf\u00fcr geeigneter Bedingungen bedarf. So erfindet er eine besondere Einrichtung, den Palettentisch und die sch\u00fctzenden W\u00e4nde: Der \u201eMalort\u201d (franz. Closlieu) entsteht, der sch\u00fctzende Raum f\u00fcr das Malspiel.<\/p>\n<p>In den sechziger Jahren unternimmt Arno Stern Reisen in ferne L\u00e4nder, um die Universalit\u00e4t des von ihm Entdeckten nachzuweisen: Menschen in Paris, Nomaden in der afrikanischen W\u00fcste oder Urwaldbewohner zeichnen ausnahmslos dieselben Gebilde, obwohl weder ihre Hautfarbe, noch ihre Kultur oder ihre Umgebung die geringste \u00c4hnlichkeit aufweisen.<\/p>\n<p>Diese Entdeckung zeigte, dass alle Menschen unabh\u00e4ngig von Alter oder Wohnort beim Zeichnen oder Malen Zugang zum genau gleichen Fundament finden, vorausgesetzt sie werden vor fremden Einfl\u00fcssen gesch\u00fctzt und von der Gewohnheit befreit, die gezeichnete Spur mit Kunst zu verwechseln. Dieses Fundament, das Arno Stern \u201edie Formulation\u201d nennt, besteht aus 70 \u201eZeichen\u201d, die er im Lauf von mehr als 60 Jahren entdeckt und studiert hat.<\/p>\n<p>Seit mehr als 30 Jahren gibt Arno Stern in vielen L\u00e4ndern Seminare und Ausbildungskurse. Er hat zahlreiche B\u00fccher \u00fcber seine Arbeit in verschiedenen Sprachen ver\u00f6ffentlicht.<\/p>\n<p>Am 9. September 2019 wurde Arno Stern von der UNESCO und von der Pariser Sorbonne\u00a0 geehrt.<\/p>\n<p>Arno Stern verstarb am 30. Juni 2024 im Alter von 100 Jahren.<\/p>\n<p><a href=\"https:\/\/arnostern.com\/?lang=de\" target=\"_blank\" rel=\"noopener\"><br \/>\nZur Biografie<br \/>\n<\/a><br \/>\n<img loading=\"lazy\" decoding=\"async\" src=\"http:\/\/www.mal-ort.info\/wp-content\/uploads\/2023\/04\/Bild-2893-225x300-1.jpg\" alt=\"\" width=\"225\" height=\"300\" \/><br \/>\n<img loading=\"lazy\" decoding=\"async\" src=\"http:\/\/www.mal-ort.info\/wp-content\/uploads\/2023\/04\/image-e1438528559172-225x300-1.jpg\" alt=\"\" width=\"225\" height=\"300\" \/><br \/>\n<img loading=\"lazy\" decoding=\"async\" src=\"http:\/\/www.mal-ort.info\/wp-content\/uploads\/2023\/04\/image4-e1438536710926-225x300-1.jpg\" alt=\"\" width=\"225\" height=\"300\" \/><\/p>\n<h2>KONTAKT<\/h2>\n<p data-chext-position=\"\" data-chext-overflow=\"\">Malort Kuchl<\/p>\n<p data-chext-position=\"\" data-chext-overflow=\"\">Markt 171<\/p>\n<p data-chext-position=\"\" data-chext-overflow=\"\">5431 Kuchl<\/p>\n<p><img loading=\"lazy\" decoding=\"async\" src=\"http:\/\/www.mal-ort.info\/wp-content\/uploads\/2023\/04\/Irmgard1-150x150-1.jpg\" alt=\"\" width=\"150\" height=\"150\" \/><\/p>\n<p>Irmgard Ganzer<\/p>\n<p><a href=\"tel:+4369911886382\" data-chext-position=\"\" data-chext-overflow=\"\">+43 699 11886382<\/a><\/p>\n<p><a href=\"mailto:irmgard@ganzer.at\" data-chext-position=\"\" data-chext-overflow=\"\">irmgard@ganzer.at<\/a><\/p>\n<p data-chext-position=\"\" data-chext-overflow=\"\">Peter Ganzer<\/p>\n<p><a href=\"tel:+4369910047653\" data-chext-position=\"\" data-chext-overflow=\"\">+43 699 10047653<\/a><\/p>\n<p><a href=\"mailto:peter@ganzer.at\" data-chext-position=\"\" data-chext-overflow=\"\">peter@ganzer.at<\/a><\/p>\n<p><img loading=\"lazy\" decoding=\"async\" src=\"http:\/\/www.mal-ort.info\/wp-content\/uploads\/2023\/04\/MG_5099square-150x150-1.jpg\" alt=\"\" width=\"150\" height=\"150\" \/><br \/>\nF\u00fcr Fragen und Terminvereinbarungen k\u00f6nnen Sie uns gerne telefonisch oder per E-Mail kontaktieren.<\/p>\n","protected":false},"excerpt":{"rendered":"<p>MALSPIEL IM MALORT Beim Malen im Malort werden keine (Kunst-)Werke hergestellt. Das Malspiel geschieht um seiner selbst willen, als ein Ausflie\u00dfenlassen im Augenblick, das keiner nachtr\u00e4gliche Bewertung oder Deutung bedarf. Unter diesen Bedingungen werden beim Malen nicht nur Erlebnisse, Gef\u00fchle und Empfindungen sichtbar. \u00dcber alles Beabsichtigte hinaus kommt auch zum Ausdruck, was in der organischen [&hellip;]<\/p>\n","protected":false},"author":1,"featured_media":0,"parent":0,"menu_order":0,"comment_status":"closed","ping_status":"closed","template":"","meta":{"footnotes":""},"class_list":["post-7","page","type-page","status-publish","hentry"],"_links":{"self":[{"href":"https:\/\/www.mal-ort.info\/index.php?rest_route=\/wp\/v2\/pages\/7","targetHints":{"allow":["GET"]}}],"collection":[{"href":"https:\/\/www.mal-ort.info\/index.php?rest_route=\/wp\/v2\/pages"}],"about":[{"href":"https:\/\/www.mal-ort.info\/index.php?rest_route=\/wp\/v2\/types\/page"}],"author":[{"embeddable":true,"href":"https:\/\/www.mal-ort.info\/index.php?rest_route=\/wp\/v2\/users\/1"}],"replies":[{"embeddable":true,"href":"https:\/\/www.mal-ort.info\/index.php?rest_route=%2Fwp%2Fv2%2Fcomments&post=7"}],"version-history":[{"count":111,"href":"https:\/\/www.mal-ort.info\/index.php?rest_route=\/wp\/v2\/pages\/7\/revisions"}],"predecessor-version":[{"id":195,"href":"https:\/\/www.mal-ort.info\/index.php?rest_route=\/wp\/v2\/pages\/7\/revisions\/195"}],"wp:attachment":[{"href":"https:\/\/www.mal-ort.info\/index.php?rest_route=%2Fwp%2Fv2%2Fmedia&parent=7"}],"curies":[{"name":"wp","href":"https:\/\/api.w.org\/{rel}","templated":true}]}}

<style>/*! elementor - v3.17.0 - 08-11-2023 */<br />
.elementor-heading-title{padding:0;margin:0;line-height:1}.elementor-widget-heading .elementor-heading-title[class*=elementor-size-]>a{color:inherit;font-size:inherit;line-height:inherit}.elementor-widget-heading .elementor-heading-title.elementor-size-small{font-size:15px}.elementor-widget-heading .elementor-heading-title.elementor-size-medium{font-size:19px}.elementor-widget-heading .elementor-heading-title.elementor-size-large{font-size:29px}.elementor-widget-heading .elementor-heading-title.elementor-size-xl{font-size:39px}.elementor-widget-heading .elementor-heading-title.elementor-size-xxl{font-size:59px}</style>
<h2>MALSPIEL IM MALORT</h2>
<p>Beim Malen im Malort werden keine (Kunst-)Werke hergestellt. Das Malspiel geschieht um seiner selbst willen, als ein Ausfließenlassen im Augenblick, das keiner nachträgliche Bewertung oder Deutung bedarf. Unter diesen Bedingungen werden beim Malen nicht nur Erlebnisse, Gefühle und Empfindungen sichtbar. Über alles Beabsichtigte hinaus kommt auch zum Ausdruck, was in der organischen Erinnerung gespeichert wurde. Es kann nur auf diesem Weg geäußert und damit integriert werden. So entfaltet sich ein heilsamer Prozess, der Wohlbefinden erzeugt und die Persönlichkeit stärkt.</p>
<p>Innerhalb der mit farbigen Spuren übersäten Malwände sind die Malenden von Beobachtung und Ablenkung durch die Außenwelt abgeschirmt. Der Malort bietet eine vorbereitete Umgebung, die das Malen für alle leicht macht. Der eigens entwickelte Palettentisch mit 18 hochwertigen Gouachefarben und besten Naturhaarpinseln bildet den Mittelpunkt des Raumes.</p>
<p>Gemalt wird frei stehend auf an der Malwand befestigten Papierbögen. Das bedingt eine fortwährende Pendelbewegung zwischen Malwand und Palettentisch und bezieht den gesamten Körper in den Malprozess mit ein.</p>
<style>/*! elementor - v3.17.0 - 08-11-2023 */<br />
.elementor-widget-image{text-align:center}.elementor-widget-image a{display:inline-block}.elementor-widget-image a img[src$=".svg"]{width:48px}.elementor-widget-image img{vertical-align:middle;display:inline-block}</style>
<p><img fetchpriority="high" decoding="async" src="http://www.mal-ort.info/wp-content/uploads/2023/04/Bild-3372-225x300-1.jpg" alt="" width="225" height="300" /><br />
<img decoding="async" src="http://www.mal-ort.info/wp-content/uploads/2023/04/Bild-2179-768x1024-1.jpg" sizes="(max-width: 768px) 100vw, 768px" srcset="https://www.mal-ort.info/wp-content/uploads/2023/04/Bild-2179-768x1024-1.jpg 768w, https://www.mal-ort.info/wp-content/uploads/2023/04/Bild-2179-768x1024-1-225x300.jpg 225w" alt="" width="768" height="1024" /></p>
<h2>KURSE</h2>
<p>Der Malort Kuchl bietet wöchentliche Malgruppen für Menschen von 3 bis 99 Jahren:<br />
+ für Kleine ab 3 Jahren, die im spontanen Spiel die eigene Spur entwickeln.<br />
+ für Größere, die im Spielraum des Blattes eine Welt nach Maß inszenieren.<br />
+ für Große, die einen Ausgleich zu der heute vorherrschenden Leistungsgesellschaft finden.<br />
+ für Eltern, die gemeinsam mit ihren Kindern einen Raum zur Entfaltung suchen.</p>
<p>Der Malort Kuchl orientiert sich an den Erkenntnissen und Erfahrungen Arno Sterns.<br />
Das Malspiel wird betreut von Irmgard und Peter Ganzer</p>
<p>Die Malgruppen sind offen für jeden und geeignet für Menschen ab 3 Jahren.<br />
Es besteht die Möglichkeit, dass Eltern und Kinder gemeinsam teilnehmen.<br />
Kurse finden wöchentlich und fortlaufend statt.</p>
<p>Eine Maleinheit dauert 1,5 Stunden.<br />
Da eine ganze Maleinheit für kleinere Menschen erfahrungsgemäß oft noch zu lange ist,<br />
wird für sie ein geringerer Kursbeitrag nach Absprache verrechnet.</p>
<p>Die Anmeldung erfolgt spätestens mit Kursbeginn.<br />
Bei späterem Kurseintritt wird der Beitrag anteilig verrechnet.<br />
Für alle Neueinsteiger gibt es vor Kursantritt ein unverbindliches Erstgespräch nach telefonischer Vereinbarung.</p>
<p><img decoding="async" src="http://www.mal-ort.info/wp-content/uploads/2023/04/image5-225x300-1.jpg" alt="" width="225" height="300" /><br />
<img loading="lazy" decoding="async" src="http://www.mal-ort.info/wp-content/uploads/2023/04/Bild-2908-225x300-1.jpg" alt="" width="225" height="300" /><br />
<img loading="lazy" decoding="async" src="http://www.mal-ort.info/wp-content/uploads/2023/04/Bild-2900-225x300-1.jpg" alt="" width="225" height="300" /></p>
<h2>AKTUELLE ANGEBOTE</h2>
<h2>Malspiel 2025/26<br />
Mittwoch od. Donnerstag Nachmittag<br />
mit Irmgard &amp; Peter Ganzer<br />
(Wochentag wird bei Kursstart fixiert)</h2>
<p><strong data-chext-position="" data-chext-overflow="">15.00 bis 16.30 Uhr</strong></p>
<p data-chext-position="" data-chext-overflow="">8. Oktober 2025<br />
bis 27. März 2026<br />
(wöchentlich)</p>
<p data-chext-position="" data-chext-overflow="">20 Maleinheiten zu je 1,5  Stunden</p>
<p data-chext-position="" data-chext-overflow="">Preis pro Maleinheit:  <strong data-chext-position="relative" data-chext-overflow="visible">€ 18,50 </strong>(inkl. 20 % Mwst.)<br />
(inklusive Farbe und Material)</p>
<p data-chext-position="" data-chext-overflow="">Mind. Teilnehmer: 5<br />
Max.  Teilnehmer: 14</p>
<h2>ÜBER UNS</h2>
<figure><img loading="lazy" decoding="async" src="http://www.mal-ort.info/wp-content/uploads/2023/04/Foto-copy-1024x765-1.jpg" sizes="(max-width: 800px) 100vw, 800px" srcset="https://www.mal-ort.info/wp-content/uploads/2023/04/Foto-copy-1024x765-1.jpg 1024w, https://www.mal-ort.info/wp-content/uploads/2023/04/Foto-copy-1024x765-1-300x224.jpg 300w, https://www.mal-ort.info/wp-content/uploads/2023/04/Foto-copy-1024x765-1-768x574.jpg 768w" alt="" width="800" height="598" /><figcaption>Irmgard &amp; Peter Ganzer mit Arno Stern</figcaption></figure>
<p>Nach einem Intensivseminar im Juni 2014 bei Arno Stern in Paris haben wir mit viel Freude den Malort Kuchl eingerichtet.<br />
Wir wollen Menschen aus unserer Umgebung ermöglichen, in diesem geschützten Raum das Malspiel zu erleben und ihre „Spur“ zu finden bzw. wieder zu entdecken.</p>
<h2>ARNO STERN</h2>
<p><strong>&#8222;Kinder sollen das Leben ernst nehmen, sagt</strong><img loading="lazy" decoding="async" src="http://www.mal-ort.info/wp-content/uploads/2023/04/arnostern.jpg" alt="" width="200" height="269" /><strong> man. Dabei sollte gerade das Spielen ernst genommen werden.&#8220; </strong>Arno Stern</p>
<p>Arno Stern, 1924 in Kassel geboren, ist ein von der UNESCO anerkannter Pädagoge und Forscher. Seit mehr als 60 Jahren übt er die dienende Rolle im von ihm erfundenen „Malort” in Paris aus.</p>
<p>Arno Stern besucht drei Jahre lang die Schule in Kassel, bevor er mit seinen Eltern nach der Machtergreifung Hitlers nach Frankreich emigriert. Nach Ausbruch des 2. Weltkriegs flüchtet die Familie weiter in die Schweiz. Arno Stern verbringt dort bis zum Ende des Krieges seine Jugendjahre in einem notdürftig umgestalteten Fabrikgebäude. Nach Jahren der Internierung und Staatenlosigkeit kehrt Arno Stern mit seiner Familie nach Frankreich zurück. 1946 arbeitet Stern in einem Kinderheim in einem Pariser Vorort. Sein Auftrag ist, 150 Kriegswaisen zu beschäftigen. Ohne Vorstellung von seiner Aufgabe lässt er die Kinder malen. Bereits die ersten Erfahrungen machen ihm die Wichtigkeit dieses Spiels bewusst – und auch, dass es dafür geeigneter Bedingungen bedarf. So erfindet er eine besondere Einrichtung, den Palettentisch und die schützenden Wände: Der „Malort” (franz. Closlieu) entsteht, der schützende Raum für das Malspiel.</p>
<p>In den sechziger Jahren unternimmt Arno Stern Reisen in ferne Länder, um die Universalität des von ihm Entdeckten nachzuweisen: Menschen in Paris, Nomaden in der afrikanischen Wüste oder Urwaldbewohner zeichnen ausnahmslos dieselben Gebilde, obwohl weder ihre Hautfarbe, noch ihre Kultur oder ihre Umgebung die geringste Ähnlichkeit aufweisen.</p>
<p>Diese Entdeckung zeigte, dass alle Menschen unabhängig von Alter oder Wohnort beim Zeichnen oder Malen Zugang zum genau gleichen Fundament finden, vorausgesetzt sie werden vor fremden Einflüssen geschützt und von der Gewohnheit befreit, die gezeichnete Spur mit Kunst zu verwechseln. Dieses Fundament, das Arno Stern „die Formulation” nennt, besteht aus 70 „Zeichen”, die er im Lauf von mehr als 60 Jahren entdeckt und studiert hat.</p>
<p>Seit mehr als 30 Jahren gibt Arno Stern in vielen Ländern Seminare und Ausbildungskurse. Er hat zahlreiche Bücher über seine Arbeit in verschiedenen Sprachen veröffentlicht.</p>
<p>Am 9. September 2019 wurde Arno Stern von der UNESCO und von der Pariser Sorbonne  geehrt.</p>
<p>Arno Stern verstarb am 30. Juni 2024 im Alter von 100 Jahren.</p>
<p><a href="https://arnostern.com/?lang=de" target="_blank" rel="noopener"><br />
Zur Biografie<br />
</a><br />
<img loading="lazy" decoding="async" src="http://www.mal-ort.info/wp-content/uploads/2023/04/Bild-2893-225x300-1.jpg" alt="" width="225" height="300" /><br />
<img loading="lazy" decoding="async" src="http://www.mal-ort.info/wp-content/uploads/2023/04/image-e1438528559172-225x300-1.jpg" alt="" width="225" height="300" /><br />
<img loading="lazy" decoding="async" src="http://www.mal-ort.info/wp-content/uploads/2023/04/image4-e1438536710926-225x300-1.jpg" alt="" width="225" height="300" /></p>
<h2>KONTAKT</h2>
<p data-chext-position="" data-chext-overflow="">Malort Kuchl</p>
<p data-chext-position="" data-chext-overflow="">Markt 171</p>
<p data-chext-position="" data-chext-overflow="">5431 Kuchl</p>
<p><img loading="lazy" decoding="async" src="http://www.mal-ort.info/wp-content/uploads/2023/04/Irmgard1-150x150-1.jpg" alt="" width="150" height="150" /></p>
<p>Irmgard Ganzer</p>
<p><a href="tel:+4369911886382" data-chext-position="" data-chext-overflow="">+43 699 11886382</a></p>
<p><a href="mailto:irmgard@ganzer.at" data-chext-position="" data-chext-overflow="">irmgard@ganzer.at</a></p>
<p data-chext-position="" data-chext-overflow="">Peter Ganzer</p>
<p><a href="tel:+4369910047653" data-chext-position="" data-chext-overflow="">+43 699 10047653</a></p>
<p><a href="mailto:peter@ganzer.at" data-chext-position="" data-chext-overflow="">peter@ganzer.at</a></p>
<p><img loading="lazy" decoding="async" src="http://www.mal-ort.info/wp-content/uploads/2023/04/MG_5099square-150x150-1.jpg" alt="" width="150" height="150" /><br />
Für Fragen und Terminvereinbarungen können Sie uns gerne telefonisch oder per E-Mail kontaktieren.</p>

<p>MALSPIEL IM MALORT Beim Malen im Malort werden keine (Kunst-)Werke hergestellt. Das Malspiel geschieht um seiner selbst willen, als ein Ausfließenlassen im Augenblick, das keiner nachträgliche Bewertung oder Deutung bedarf. Unter diesen Bedingungen werden beim Malen nicht nur Erlebnisse, Gefühle und Empfindungen sichtbar. Über alles Beabsichtigte hinaus kommt auch zum Ausdruck, was in der organischen [&hellip;]</p>
